t(0). Let r(u) = -u - 11. Give r(n).
-5
Let q = -1 + 3. Let k(o) = -o**3 - 8*o**2 - o - 2. Let x(p) = p**3 + p**2 + p. Let n(u) = q*x(u) + k(u). Determine n(6).
4
Suppose 3*r - 5*r = -4*r. Suppose v = -0*v + 8. Let l(z) = v*z - 2*z + r*z. What is l(-1)?
-6
Let g(m) = -5*m**2 - m. Let f(l) be the first derivative of l**2/2 - 5*l - 2. Let i be f(6). What is g(i)?
-6
Let y(z) be the second derivative of z**5/20 + 11*z**4/12 - z**3/3 - 9*z**2/2 + 11*z. Determine y(-11).
13
Let m(d) = d**2 - 8*d + 4. Let b(k) = k**2 + 9*k + 3. Let z be (-3)/12 + (-35)/4. Let l be b(z). Give m(l).
-11
Let g(t) = 2*t**2 - t + 1. Let w be g(1). Let z(x) = -4*x + x**2 + w + 0*x**2 + 7*x. Determine z(-3).
2
Let t = 14 + -21. Let z(j) = j**2 + 5*j - 9. Let k be z(t). Let y(q) = q**3 - 5*q**2 - q + 2. Determine y(k).
-3
Suppose 0 = s - 0*s + 10. Let h = s + 10. Let l(v) = -v**2 - v + 1. Let b(i) = 4*i**2 + 4*i - 9. Let f(a) = b(a) + 5*l(a). Calculate f(h).
-4
Let m(q) = q - 1. Let l(d) = -7*d**3 + 3*d**2 - 2*d + 1. Let a(j) = 15*j**3 - 6*j**2 + 4*j - 2. Let p(c) = 6*a(c) + 13*l(c). Let s be p(3). Determine m(s).
-6
Let f(m) = m - 750 - 2*m**2 + 750. Determine f(-1).
-3
Let a(o) = -o + 5. Let b(t) = -t**3 + 2*t. Let g(n) = -n**2 - 4*n - 1. Let l be g(-3). Let c be b(l). Give a(c).
9
Let q(m) = -m**2 - m. Let b(k) = -10*k**2 - 9*k - 4. Let u(f) = -21*f**2 - 18*f - 8. Let p(c) = -7*b(c) + 3*u(c). Let g(h) = -p(h) - 6*q(h). Determine g(-3).
-4
Let x(k) = k + 2. Let c(n) be the second derivative of -n**2/2 + 2*n. Let w(l) = 2*c(l) + x(l). Let u(s) = -s**2 + 3*s. Let r be u(4). Give w(r).
-4
Suppose -k = -0*k - 7. Let m(d) = d - 2. Let r be m(k). Let q = 7 - r. Let a(g) = -g**3 - g**2 + 3*g - 1. Calculate a(q).
-7
Let k(l) = l**2 - 4*l + 3. Let g be k(5). Let t = -6 + g. Let n(m) = -t*m - m + 2*m + 5. Give n(4).
1
Let i = 58 - 53. Let j(b) = b**2 - b - 1. Determine j(i).
19
Let j = 14 - 9. Let f(t) = -j - t + 2 + 5. Let p be f(2). Let a(x) = -x**2 - x + 1. Determine a(p).
1
Let y(i) = i**2 + 4*i - 4. Let j(u) = u + 6. Let g be j(-3). Let l be -3*2*(-12)/9. Let d be 0 - l/(g + -1). Determine y(d).
-4
Let g(u) = -5*u**2 + u - 1. Let s be g(1). Let r(v) be the third derivative of -v**6/120 - v**5/15 + 5*v**4/24 - v**3/3 - 4*v**2. Give r(s).
-2
Let t(o) be the first derivative of -o**2 + 13*o + 11. What is t(9)?
-5
Let v = -3 - -5. Suppose -3*k + 5 = 2*k. Suppose -y - v + k = 0. Let u(f) = f**3 + f**2 + f + 1. Give u(y).
0
Let v = 3 + 0. Let p(x) = x**2 - x - 3. Let k be p(3). Let s(o) = 2*o - 3*o + k*o - o**2 - 3. Give s(v).
-6
Let d(b) = b**3 - b + 1. Let l be (4/(-5))/((-2)/10). Let z(s) = 1 + 7*s**3 - 15*s**2 + 4 - 4*s + 0 + 14*s**2. Let y(v) = l*d(v) - z(v). What is y(-1)?
3
Suppose 2*o = -5*f + 9*f + 26, -5*f + o = 28. Let h(u) be the second derivative of u**5/20 + 5*u**4/12 + u**2/2 + u. Determine h(f).
1
Let q(z) = 0*z**2 + 4*z + 1 - 9*z - z**2. Let n be (-1 - 0)/((-2)/(-8)). What is q(n)?
5
Let d(u) = 4*u**2 + 2*u - 7. Let v(j) be the third derivative of j**5/12 + j**4/12 - 4*j**3/3 + 2*j**2. Let x(y) = 4*d(y) - 3*v(y). Calculate x(-4).
4
Let c(i) = 6*i**2 + 4*i + 9. Let k = -1 + -5. Let q(m) = 3*m**2 + 2*m + 4. Suppose 4*p + 4 = 56. Let o(t) = k*c(t) + p*q(t). Determine o(-2).
6
Let c be (-1)/(2 - (-27)/(-15)). Let v(y) = y**3 + 6*y**2 + 7*y + 3. Let p(f) = 2*f**3 + 12*f**2 + 14*f + 5. Let k(r) = 2*p(r) - 5*v(r). Determine k(c).
5
Let z(c) be the first derivative of c**4/4 + 8*c**3/3 + c**2 + 6*c + 40. Calculate z(-8).
-10
Let a(f) be the second derivative of f**3/6 - f**2 - f. Let s be a(7). Let v(m) = -s*m + 3 + 4*m + 5. Determine v(0).
8
Let l(s) = 3*s**2 + 2*s - 9. Let g(q) = 9*q**2 + 5*q - 25. Let v(o) = 4*g(o) - 11*l(o). Suppose 2*i + 4*y = -0*i + 2, 2*i + 2*y = 0. Calculate v(i).
4
Let y = -9 - -18. Suppose -4*w = -y*w + 15. Let o(c) = 1 + c**w + c + 5*c**2 - 2 + 2 - 5. What is o(-4)?
8
Let l = -6 + 3. Let q(x) = -x**3 + 2*x + 3. Let k(m) = 9*m**2 + m**3 - 7*m**2 - 4 - 3*m - 3*m**2. Let u(p) = 3*k(p) + 4*q(p). Determine u(l).
3
Let h(s) = s - 4. Let x(u) = u - 3. Let g(l) = -5*h(l) + 6*x(l). Give g(-10).
-8
Let o(y) = -y**3 + 7*y**2 - 7*y. Let a be 16/(-5 + 1) - -10. Determine o(a).
-6
Suppose 5*s + 2 = -8. Let m(j) = -2*j + 2. Give m(s).
6
Let z = -5/21 - -41/84. Let w(s) be the second derivative of 2*s + 1/6*s**3 + 0 - 1/2*s**2 + z*s**4. Give w(1).
3
Let c = -5 - 1. Let b(x) = x**3 + 5*x**2 - 12*x - 13. Let h(q) = 2*q**3 + 10*q**2 - 23*q - 25. Let o(g) = 7*b(g) - 4*h(g). What is o(c)?
-3
Let q be ((-6)/(-4))/((-3)/(-8)). Let k(s) = 9*s. Let x(d) = -13*d. Let y(j) = -7*k(j) - 5*x(j). Determine y(q).
8
Let q(r) be the third derivative of -r**6/120 + r**5/20 + r**4/24 + r**3/2 + 2*r**2. Calculate q(3).
6
Let t be 2 + (-2 + 6)*-1. Suppose -5 = -5*n + 10. Let m(w) = w - n + 5*w - 3*w**2 - 6*w - w**3 - 4*w. Determine m(t).
1
Let j(t) = t**3 - 3*t**2 + 2*t + 1. Let m(b) = b**2 - 4*b - 9. Let y be m(6). Calculate j(y).
7
Suppose -n + 10 = n. Let i = 0 - n. Let a(t) be the third derivative of -t**4/12 - t**3/3 - 2*t**2. Calculate a(i).
8
Let n = -5 + 9. Let j(r) = -r. Let y(p) = 6*p - 1. Let q(a) = n*j(a) + y(a). Let v be q(2). Let i(s) = -3*s + 2. Calculate i(v).
-7
Suppose 17*p = 19*p. Let a(o) = -o**2 - o - 13. Calculate a(p).
-13
Let c(s) = 1 - s + s - 3*s + s. What is c(2)?
-3
Let j = 9 - 9. Suppose j = 3*b + v - 20, -b - 4*b - 4*v = -38. Let u(w) = w**3 - 6*w**2 + 2*w - 4. What is u(b)?
8
Let o(w) = w**3 - 2*w**2 + 4*w - 1. Let d(m) = -m. Let r(h) = -2*d(h) - o(h). What is r(2)?
-3
Let j(l) be the second derivative of -l**3/3 - 24*l. Calculate j(-1).
2
Let c(z) = 2*z - 3. Let m be c(3). Let u be 1*(2 + 7)/m. Let r(o) = 2 - 1 - 3*o + o**2 + 0. Give r(u).
1
Let z(g) be the first derivative of g**4/4 + 5*g**3/3 - 5*g**2/2 - 6*g + 16. Calculate z(-5).
19
Let r(l) be the first derivative of 1 + 2/3*l**3 - l**2 - 1/24*l**4 - 1/20*l**5 + 0*l - 1/120*l**6. Let o(p) be the second derivative of r(p). What is o(-3)?
7
Let k(x) = 5*x + 3*x - 9*x - 3*x. Calculate k(-1).
4
Let k(y) = y**2 + 6*y - 1. Let w be k(-6). Let h(c) be the third derivative of c**2 - 1/6*c**3 + 0 + 0*c + 1/24*c**4. Calculate h(w).
-2
Let j(u) = 21*u + 7*u + 4 + u**2 - 18*u. Give j(-5).
-21
Let a be 114/3 - 2 - 3. Let b = -27 + a. Let g(p) = p**2 - 8*p + 6. Determine g(b).
-6
Let h(i) be the second derivative of i**3/3 - 2*i**2 - 3*i. Let u(o) = -3*o**2. Let k be u(-1). Give h(k).
-10
Let h(m) = 7*m - 8. Let u(q) = q - 1. Let s(b) = h(b) - 6*u(b). Let p(z) = -z + 2. Let j(g) = -3*p(g) - 4*s(g). Calculate j(3).
-1
Let i = 6 + -1. Suppose -5*w = -0 + i. Let v(c) = c**2 + 2*c + 1. Let l be v(w). Let b(k) = k**3 - k**2 - k + 8. What is b(l)?
8
Let x(d) = d**2 + 4*d - 5. Suppose -2*m = 0, 8 = -2*f - 2*m + 4*m. Calculate x(f).
-5
Let y be (-1*(-1 + 2))/(-1). Let l be ((4 - 3) + -1)/(-1). Let p = l + y. Let w(v) = 6*v**2. Calculate w(p).
6
Suppose 1 = 2*r - 3. Let a(n) = 0 + 3 - 8*n - r. Let d = 12 + -13. Give a(d).
9
Suppose -2*c + 22 = -4*r - 5*c, -2*c - 8 = r. Let f(q) = -q**2 - 2*q - 5. Determine f(r).
-13
Let r(u) = -u**2 + 5*u. Let d be r(6). Let b be 3/d*20/(-2). Suppose -h - 6 = -b*y + 15, 2*y + 6 = 4*h. Let v(k) = -k**3 + 5*k**2 - 2*k + 6. Determine v(y).
-4
Let d be (-18 - -18)*(-2 - (-10)/4). Let h(y) = -y + 4. Calculate h(d).
4
Let n(v) = 4*v - v**2 + 0 - 3 + 1. Let b be (-2)/(-3)*(-114)/(-4). Suppose b = 4*k + 3. Give n(k).
-2
Let f(i) = -8*i**2 + 2*i + 1. Let h = 13 + -14. Calculate f(h).
-9
Let o(p) = 21 + 16 + 4*p - p**2 - 39. Determine o(2).
2
Let i(u) = -u**3 - 4*u**2 + 2*u + 2. Let j be i(-4). Let o be (-8)/12 - 16/j. Let v(x) = -3*x**2 - o*x - 4*x**2 + 6*x**2. Give v(2).
-8
Suppose 0 = -3*d - 3, 2*d - 5 = 4*t - d. Let w be -3 - (-7 + t + 1). Let h(b) = -b - 2. Determine h(w).
-7
Let h(d) = d**3 + 3*d**2 + 1. Suppose -5*b = -2*r - 45, -36 = -4*b - 3*r + r. Let i be b*(-5)/((-30)/(-8)). Let n = 9 + i. Give h(n).
1
Suppose m + 4*s = s + 5, 5*m + 3*s + 23 = 0. Let b(f) = f + 4. What is b(m)?
-3
Suppose 0 = 3*i - 5 - 7. Suppose i*y = 4*q + 16, -3*y - y + 4 = -q. Let h(w) = -w**3 + y*w**3 + 2 + 2 + 2*w**2. Determine h(3).
-5
Let d(h) = 0 + 0*h**3 + 5*h**2 - 3 + h - h**3. Let o(f) = -f**2 + 4*f + 1. Let k be o(2). Suppose -n + k*l = -25, 4*n + 23 - 63 = 5*l. What is d(n)?
2
Let j(i) = i**3 + 4*i*